{"id":2,"date":"2012-04-13T10:17:30","date_gmt":"2012-04-13T10:17:30","guid":{"rendered":"http:\/\/www.schuetzen-radfeld.at\/?page_id=2"},"modified":"2023-08-02T12:17:24","modified_gmt":"2023-08-02T12:17:24","slug":"beispiel-seite","status":"publish","type":"page","link":"https:\/\/www.schuetzen-radfeld.at\/?page_id=2","title":{"rendered":"Chronik"},"content":{"rendered":"<p>Die Festlichkeiten des Jahres 1988 anl\u00e4sslich der urkundlichen Erstnennung des Dorfes Radfeld vor 1200 Jahren waren der Ansto\u00df zur Neugr\u00fcndung einer Sch\u00fctzenkompanie.<br \/>\nBereits im Jahr 1924 gab es n\u00e4mlich im Ort eine \u201eSch\u00fctzen- und Trachtengesellschaft\u201c, die sich aber in den Jahren der Kriegswirren aufgel\u00f6st hatte. Initiator der Neugr\u00fcndung war der damalige B\u00fcrgermeister <span style=\"text-decoration: underline;\">Johann Gasteiger<\/span>. 36 M\u00e4nner und vier Frauen haben sich bereit erkl\u00e4rt, der neu zu gr\u00fcndenden Kompanie beizutreten. Die Begeisterung f\u00fcr das Tiroler Sch\u00fctzenwesen und das Wagnis, etwas Neues in der Heimatgemeinde zu beginnen, waren die Triebfedern, die letztendlich zur Gr\u00fcndung der Kompanie f\u00fchrten. <span style=\"text-decoration: underline;\">Franz Prantl<\/span> wurde zum Obmann gew\u00e4hlt, erster Hauptmann war <span style=\"text-decoration: underline;\">Erich Laiminger.<\/span><\/p>\n<p><span style=\"text-decoration: underline;\"><br \/>\n<\/span><a href=\"http:\/\/www.schuetzen-radfeld.at\/wp-content\/uploads\/2012\/04\/kompanie.jpg\" rel=\"lightbox[2]\"><img loading=\"lazy\" decoding=\"async\" class=\"alignleft size-medium wp-image-578\" title=\"Sch\u00fctzenkompanie Radfeld\" src=\"http:\/\/www.schuetzen-radfeld.at\/wp-content\/uploads\/2012\/04\/kompanie-300x200.jpg\" alt=\"Sch\u00fctzenkompanie Radfeld\" width=\"300\" height=\"200\" srcset=\"https:\/\/www.schuetzen-radfeld.at\/wp-content\/uploads\/2012\/04\/kompanie-300x200.jpg 300w, https:\/\/www.schuetzen-radfeld.at\/wp-content\/uploads\/2012\/04\/kompanie-250x166.jpg 250w, https:\/\/www.schuetzen-radfeld.at\/wp-content\/uploads\/2012\/04\/kompanie-450x300.jpg 450w, https:\/\/www.schuetzen-radfeld.at\/wp-content\/uploads\/2012\/04\/kompanie.jpg 600w\" sizes=\"auto, (max-width: 300px) 100vw, 300px\" \/><\/a>Im Mai 1989 feierten die Radfelder Sch\u00fctzen gemeinsam mit 50 Kompanien und Abordnungen das denkw\u00fcrdige Gr\u00fcndungsfest.<br \/>\nInzwischen sind bereits \u00fcber 3 Jahrzehnte vergangen. Wir Sch\u00fctzen sind ein fixer Bestandteil der Dorfgemeinschaft geworden und haben uns stets bem\u00fcht, das Zusammenleben im Ort durch unsere Aktivit\u00e4ten zu bereichern. Wir r\u00fccken nicht nur zu den traditionellen kirchlichen Festen&nbsp; aus, sondern tragen auch zur Belebung von Kultur und Brauchtum bei. Unter anderem wurde ein gro\u00dfes Friedhofkreuz aufgestellt, eine Dorfkrippe errichtet und eine Herz-Jesu-Statue f\u00fcr die Kirche gestiftet. Die Sch\u00fctzenkompanie leistete auch einen Beitrag zum neuen Gemeindezentrum. Auf dem Dorfplatz wurde im Herbst 2004 ein ca. 5m\u00b2 gro\u00dfes Radfelder Wappen als Mosaik aus verschiedenen runden Steinen verlegt. Zur nachhaltigen Erinnerung an das 20-j\u00e4hrige Bestandsjubil\u00e4um und an das Andreas-Hofer-Gedenkjahr 2009 stellten die Sch\u00fctzen einen 6 Tonnen schweren \u201eBedenkstein\u201c aus Kramsacher Marmor auf.<\/p>\n<p><a href=\"http:\/\/www.schuetzen-radfeld.at\/wp-content\/uploads\/2012\/04\/herz-jesu-kapelle.jpg\" rel=\"lightbox[2]\"><img loading=\"lazy\" decoding=\"async\" class=\"alignleft size-thumbnail wp-image-577\" title=\"Herz-Jesu in der Au\" src=\"http:\/\/www.schuetzen-radfeld.at\/wp-content\/uploads\/2012\/04\/herz-jesu-kapelle-150x150.jpg\" alt=\"Herz-Jesu in der Au\" width=\"150\" height=\"150\"><\/a>Zum 10-j\u00e4hrigen Bestandsjubil\u00e4um der Kompanie wurde auf Initiative der Kommandantschaft die Kapelle \u201cHerz-Jesu in der Au\u201c gebaut. Durch die Mitarbeit und die Mitfinanzierung von Fahnengemeinschaft und Grasausl\u00e4utern ist das kleine Gotteshaus direkt am Inntalradweg zu einem Wahrzeichen d\u00f6rflicher Zusammenarbeit geworden.<br \/>\nDie Radfelder Sch\u00fctzen haben sich auch der Pflege alten Brauchtums angenommen. Das T\u00fcrkenbratschen, der Briktiusmarkt und die Sch\u00fctzenweihnacht sind bereits feste Bestandteile im Dorfleben geworden. Aus den Mitteln des Sozialfonds der Kompanie konnte schon vielen hilfsbed\u00fcrftigen Mitb\u00fcrgern geholfen bzw. ihre Notsituation \u00fcberbr\u00fcckt werden.<br \/>\nBischof Reinhold Stecher sagte einmal: \u201eDie Sch\u00fctzen feuern auch Ehrensalven ab, von denen kein Pulverdampf verweht\u201c.<br \/>\nSolche stille Salven wurden in den Jahren seit der Neugr\u00fcndung der Kompanie auch bei uns in Radfeld abgefeuert.<\/p>\n<p><strong>Gr\u00fcndungshauptmann <\/strong>war Erich Laiminger, der diese Funktion bis 2010 aus\u00fcbte.(verstorben M\u00e4rz 2015)<\/p>\n<p><strong>Gr\u00fcndungsobmann <\/strong>ist Oltn. Franz Prantl, der dieses Amt&nbsp;bis April 2016&nbsp;inne hatte.<\/p>\n<p><strong>H\u00f6hepunkte der Kompanie:<\/strong><br \/>\n<strong>1993<\/strong>&nbsp; Angelobung des Einr\u00fcckungstermins Oktober des Landwehrstammregiments&nbsp;&nbsp;61 und des J\u00e4gerbataillons 21 in Rattenberg.<br \/>\n<strong>2004<\/strong>&nbsp; Ehrensalve am Domplatz in Salzburg anl\u00e4sslich des&nbsp;60.Geburtstages von Pr\u00e4lat Domdekan Dr. Hans-Walter Vavrowsky.<br \/>\n<strong>2008<\/strong> Ausr\u00fcckung zur Angelobung der Jungm\u00e4nner der Stabskompanie des Milit\u00e4rkommandos Tirol aus der Eugenkaserne in Innsbruck am Dorfplatz in Radfeld.<\/p>\n<p><strong>2012<\/strong> Er\u00f6ffnung der neuen Unterinntaltrasse mit landes\u00fcblichen Empfang.<\/p>\n<p><strong>2012<\/strong> Empfang des Bundespr\u00e4sidenten mit landes\u00fcblichen Empfang und der Einweihung des neuen Wassernetzes.<\/p>\n<p><strong>2013<\/strong> Silbernes Priesterjubil\u00e4um Herr Pfarrer Dieter Reutershahn.<\/p>\n<p><strong>2014<\/strong> Jubil\u00e4umsfest 25 Jahre Kompanie Radfeld.<\/p>\n<p><strong>2015<\/strong> Maiandacht 15 Jahre Sch\u00fctzenkapelle &#8222;Herz-Jesu in der Au&#8220;<\/p>\n<p><strong>2017<\/strong>&nbsp;&#8222;Ehrenkompanie&#8220; 60j\u00e4hriges Jubil\u00e4um Sch\u00fctzenkompanie Kramsach<\/p>\n<p><strong>2019<\/strong> 30 Jahre Sch\u00fctzenkompanie Radfeld &#8222;Fr\u00fchschoppen mit Radio U1&#8220;<\/p>\n<p><strong>2021<\/strong> Neues Friedhofskreuz aufgestellt<\/p>\n","protected":false},"excerpt":{"rendered":"<p>Die Festlichkeiten des Jahres 1988 anl\u00e4sslich der urkundlichen Erstnennung des Dorfes Radfeld vor 1200 Jahren waren der Ansto\u00df zur Neugr\u00fcndung einer Sch\u00fctzenkompanie. Bereits im Jahr 1924 gab es n\u00e4mlich im Ort eine \u201eSch\u00fctzen- und Trachtengesellschaft\u201c, die sich aber in den Jahren der Kriegswirren aufgel\u00f6st hatte. Initiator der Neugr\u00fcndung war der damalige B\u00fcrgermeister Johann Gasteiger. 36&hellip;&nbsp;<\/p>\n","protected":false},"author":1,"featured_media":0,"parent":0,"menu_order":0,"comment_status":"closed","ping_status":"closed","template":"sidebar-page.php","meta":{"neve_meta_sidebar":"","neve_meta_container":"","neve_meta_enable_content_width":"","neve_meta_content_width":0,"neve_meta_title_alignment":"","neve_meta_author_avatar":"","neve_post_elements_order":"","neve_meta_disable_header":"","neve_meta_disable_footer":"","neve_meta_disable_title":"","ngg_post_thumbnail":0,"footnotes":""},"class_list":["post-2","page","type-page","status-publish","hentry"],"_links":{"self":[{"href":"https:\/\/www.schuetzen-radfeld.at\/index.php?rest_route=\/wp\/v2\/pages\/2","targetHints":{"allow":["GET"]}}],"collection":[{"href":"https:\/\/www.schuetzen-radfeld.at\/index.php?rest_route=\/wp\/v2\/pages"}],"about":[{"href":"https:\/\/www.schuetzen-radfeld.at\/index.php?rest_route=\/wp\/v2\/types\/page"}],"author":[{"embeddable":true,"href":"https:\/\/www.schuetzen-radfeld.at\/index.php?rest_route=\/wp\/v2\/users\/1"}],"replies":[{"embeddable":true,"href":"https:\/\/www.schuetzen-radfeld.at\/index.php?rest_route=%2Fwp%2Fv2%2Fcomments&post=2"}],"version-history":[{"count":36,"href":"https:\/\/www.schuetzen-radfeld.at\/index.php?rest_route=\/wp\/v2\/pages\/2\/revisions"}],"predecessor-version":[{"id":10253,"href":"https:\/\/www.schuetzen-radfeld.at\/index.php?rest_route=\/wp\/v2\/pages\/2\/revisions\/10253"}],"wp:attachment":[{"href":"https:\/\/www.schuetzen-radfeld.at\/index.php?rest_route=%2Fwp%2Fv2%2Fmedia&parent=2"}],"curies":[{"name":"wp","href":"https:\/\/api.w.org\/{rel}","templated":true}]}}

<p>Die Festlichkeiten des Jahres 1988 anlässlich der urkundlichen Erstnennung des Dorfes Radfeld vor 1200 Jahren waren der Anstoß zur Neugründung einer Schützenkompanie.<br />
Bereits im Jahr 1924 gab es nämlich im Ort eine „Schützen- und Trachtengesellschaft“, die sich aber in den Jahren der Kriegswirren aufgelöst hatte. Initiator der Neugründung war der damalige Bürgermeister <span style="text-decoration: underline;">Johann Gasteiger</span>. 36 Männer und vier Frauen haben sich bereit erklärt, der neu zu gründenden Kompanie beizutreten. Die Begeisterung für das Tiroler Schützenwesen und das Wagnis, etwas Neues in der Heimatgemeinde zu beginnen, waren die Triebfedern, die letztendlich zur Gründung der Kompanie führten. <span style="text-decoration: underline;">Franz Prantl</span> wurde zum Obmann gewählt, erster Hauptmann war <span style="text-decoration: underline;">Erich Laiminger.</span></p>
<p><span style="text-decoration: underline;"><br />
</span><a href="http://www.schuetzen-radfeld.at/wp-content/uploads/2012/04/kompanie.jpg" rel="lightbox[2]"><img loading="lazy" decoding="async" class="alignleft size-medium wp-image-578" title="Schützenkompanie Radfeld" src="http://www.schuetzen-radfeld.at/wp-content/uploads/2012/04/kompanie-300x200.jpg" alt="Schützenkompanie Radfeld" width="300" height="200" srcset="https://www.schuetzen-radfeld.at/wp-content/uploads/2012/04/kompanie-300x200.jpg 300w, https://www.schuetzen-radfeld.at/wp-content/uploads/2012/04/kompanie-250x166.jpg 250w, https://www.schuetzen-radfeld.at/wp-content/uploads/2012/04/kompanie-450x300.jpg 450w, https://www.schuetzen-radfeld.at/wp-content/uploads/2012/04/kompanie.jpg 600w" sizes="auto, (max-width: 300px) 100vw, 300px" /></a>Im Mai 1989 feierten die Radfelder Schützen gemeinsam mit 50 Kompanien und Abordnungen das denkwürdige Gründungsfest.<br />
Inzwischen sind bereits über 3 Jahrzehnte vergangen. Wir Schützen sind ein fixer Bestandteil der Dorfgemeinschaft geworden und haben uns stets bemüht, das Zusammenleben im Ort durch unsere Aktivitäten zu bereichern. Wir rücken nicht nur zu den traditionellen kirchlichen Festen&nbsp; aus, sondern tragen auch zur Belebung von Kultur und Brauchtum bei. Unter anderem wurde ein großes Friedhofkreuz aufgestellt, eine Dorfkrippe errichtet und eine Herz-Jesu-Statue für die Kirche gestiftet. Die Schützenkompanie leistete auch einen Beitrag zum neuen Gemeindezentrum. Auf dem Dorfplatz wurde im Herbst 2004 ein ca. 5m² großes Radfelder Wappen als Mosaik aus verschiedenen runden Steinen verlegt. Zur nachhaltigen Erinnerung an das 20-jährige Bestandsjubiläum und an das Andreas-Hofer-Gedenkjahr 2009 stellten die Schützen einen 6 Tonnen schweren „Bedenkstein“ aus Kramsacher Marmor auf.</p>
<p><a href="http://www.schuetzen-radfeld.at/wp-content/uploads/2012/04/herz-jesu-kapelle.jpg" rel="lightbox[2]"><img loading="lazy" decoding="async" class="alignleft size-thumbnail wp-image-577" title="Herz-Jesu in der Au" src="http://www.schuetzen-radfeld.at/wp-content/uploads/2012/04/herz-jesu-kapelle-150x150.jpg" alt="Herz-Jesu in der Au" width="150" height="150"></a>Zum 10-jährigen Bestandsjubiläum der Kompanie wurde auf Initiative der Kommandantschaft die Kapelle “Herz-Jesu in der Au“ gebaut. Durch die Mitarbeit und die Mitfinanzierung von Fahnengemeinschaft und Grasausläutern ist das kleine Gotteshaus direkt am Inntalradweg zu einem Wahrzeichen dörflicher Zusammenarbeit geworden.<br />
Die Radfelder Schützen haben sich auch der Pflege alten Brauchtums angenommen. Das Türkenbratschen, der Briktiusmarkt und die Schützenweihnacht sind bereits feste Bestandteile im Dorfleben geworden. Aus den Mitteln des Sozialfonds der Kompanie konnte schon vielen hilfsbedürftigen Mitbürgern geholfen bzw. ihre Notsituation überbrückt werden.<br />
Bischof Reinhold Stecher sagte einmal: „Die Schützen feuern auch Ehrensalven ab, von denen kein Pulverdampf verweht“.<br />
Solche stille Salven wurden in den Jahren seit der Neugründung der Kompanie auch bei uns in Radfeld abgefeuert.</p>
<p><strong>Gründungshauptmann </strong>war Erich Laiminger, der diese Funktion bis 2010 ausübte.(verstorben März 2015)</p>
<p><strong>Gründungsobmann </strong>ist Oltn. Franz Prantl, der dieses Amt&nbsp;bis April 2016&nbsp;inne hatte.</p>
<p><strong>Höhepunkte der Kompanie:</strong><br />
<strong>1993</strong>&nbsp; Angelobung des Einrückungstermins Oktober des Landwehrstammregiments&nbsp;&nbsp;61 und des Jägerbataillons 21 in Rattenberg.<br />
<strong>2004</strong>&nbsp; Ehrensalve am Domplatz in Salzburg anlässlich des&nbsp;60.Geburtstages von Prälat Domdekan Dr. Hans-Walter Vavrowsky.<br />
<strong>2008</strong> Ausrückung zur Angelobung der Jungmänner der Stabskompanie des Militärkommandos Tirol aus der Eugenkaserne in Innsbruck am Dorfplatz in Radfeld.</p>
<p><strong>2012</strong> Eröffnung der neuen Unterinntaltrasse mit landesüblichen Empfang.</p>
<p><strong>2012</strong> Empfang des Bundespräsidenten mit landesüblichen Empfang und der Einweihung des neuen Wassernetzes.</p>
<p><strong>2013</strong> Silbernes Priesterjubiläum Herr Pfarrer Dieter Reutershahn.</p>
<p><strong>2014</strong> Jubiläumsfest 25 Jahre Kompanie Radfeld.</p>
<p><strong>2015</strong> Maiandacht 15 Jahre Schützenkapelle &#8222;Herz-Jesu in der Au&#8220;</p>
<p><strong>2017</strong>&nbsp;&#8222;Ehrenkompanie&#8220; 60jähriges Jubiläum Schützenkompanie Kramsach</p>
<p><strong>2019</strong> 30 Jahre Schützenkompanie Radfeld &#8222;Frühschoppen mit Radio U1&#8220;</p>
<p><strong>2021</strong> Neues Friedhofskreuz aufgestellt</p>

<p>Die Festlichkeiten des Jahres 1988 anlässlich der urkundlichen Erstnennung des Dorfes Radfeld vor 1200 Jahren waren der Anstoß zur Neugründung einer Schützenkompanie. Bereits im Jahr 1924 gab es nämlich im Ort eine „Schützen- und Trachtengesellschaft“, die sich aber in den Jahren der Kriegswirren aufgelöst hatte. Initiator der Neugründung war der damalige Bürgermeister Johann Gasteiger. 36&hellip;&nbsp;</p>
