{"id":30,"date":"2012-04-15T08:57:05","date_gmt":"2012-04-15T08:57:05","guid":{"rendered":"http:\/\/www.schuetzen-radfeld.at\/?page_id=30"},"modified":"2016-04-26T17:27:01","modified_gmt":"2016-04-26T17:27:01","slug":"testseite-2","status":"publish","type":"page","link":"https:\/\/www.schuetzen-radfeld.at\/?page_id=30","title":{"rendered":"Wie werde ich Mitglied?"},"content":{"rendered":"<p style=\"text-align: center;\"><strong><span style=\"text-decoration: underline; color: #000000;\">Jeder kann Sch\u00fctzenmitglied werden!<\/span><\/strong><br \/>\nVoraussetzung daf\u00fcr ist , dass du ein Radfelder bist und dich mit den Grundwerten des<br \/>\nSch\u00fctzenwesens identifizieren kannst.<br \/>\n<a href=\"http:\/\/www.schuetzen-radfeld.at\/wp-content\/uploads\/2012\/08\/wanted1.jpg\" rel=\"lightbox[30]\"><img loading=\"lazy\" decoding=\"async\" class=\"alignnone size-large wp-image-770\" title=\"Wie werde ich Mitglied?\" src=\"http:\/\/www.schuetzen-radfeld.at\/wp-content\/uploads\/2012\/08\/wanted1-869x1024.jpg\" alt=\"Wie werde ich Mitglied?\" width=\"584\" height=\"688\" srcset=\"https:\/\/www.schuetzen-radfeld.at\/wp-content\/uploads\/2012\/08\/wanted1-869x1024.jpg 869w, https:\/\/www.schuetzen-radfeld.at\/wp-content\/uploads\/2012\/08\/wanted1-254x300.jpg 254w, https:\/\/www.schuetzen-radfeld.at\/wp-content\/uploads\/2012\/08\/wanted1-250x294.jpg 250w, https:\/\/www.schuetzen-radfeld.at\/wp-content\/uploads\/2012\/08\/wanted1.jpg 1392w\" sizes=\"auto, (max-width: 584px) 100vw, 584px\" \/><\/a><br \/>\n<span style=\"text-decoration: underline;\">Der Rest ist einfach.<\/span><br \/>\nDu meldest dich bei unserem Obmann oder einem anderen Sch\u00fctzen.<br \/>\nNach einer Anprobe und ein paar Exerzier\u00fcbungen kannst du dich bereits als Sch\u00fctze f\u00fchlen.<br \/>\nSelbstverst\u00e4ndlich wird dir die <strong>gesamte Tracht kostenlos zur Verf\u00fcgung<\/strong> gestellt!<br \/>\nDie einzigen Kosten, die auf dich zukommen, sind die j\u00e4hrlichen \u20ac 15,&#8211; Mitgliedsbeitrag.<\/p>\n<p>&nbsp;<\/p>\n<p style=\"text-align: center;\">Also z\u00f6gere nicht , erlebe Gemeinschaft und Freundschaft bei der Pflege<br \/>\nvon alten Traditionen und Werten!<\/p>\n","protected":false},"excerpt":{"rendered":"<p>Jeder kann Sch\u00fctzenmitglied werden! Voraussetzung daf\u00fcr ist , dass du ein Radfelder bist und dich mit den Grundwerten des Sch\u00fctzenwesens identifizieren kannst. Der Rest ist einfach. Du meldest dich bei unserem Obmann oder einem anderen Sch\u00fctzen. Nach einer Anprobe und ein paar Exerzier\u00fcbungen kannst du dich bereits als Sch\u00fctze f\u00fchlen. Selbstverst\u00e4ndlich wird dir die gesamte&hellip;&nbsp;<\/p>\n","protected":false},"author":1,"featured_media":0,"parent":0,"menu_order":0,"comment_status":"closed","ping_status":"closed","template":"sidebar-page.php","meta":{"neve_meta_sidebar":"","neve_meta_container":"","neve_meta_enable_content_width":"","neve_meta_content_width":0,"neve_meta_title_alignment":"","neve_meta_author_avatar":"","neve_post_elements_order":"","neve_meta_disable_header":"","neve_meta_disable_footer":"","neve_meta_disable_title":"","ngg_post_thumbnail":0,"footnotes":""},"class_list":["post-30","page","type-page","status-publish","hentry"],"_links":{"self":[{"href":"https:\/\/www.schuetzen-radfeld.at\/index.php?rest_route=\/wp\/v2\/pages\/30","targetHints":{"allow":["GET"]}}],"collection":[{"href":"https:\/\/www.schuetzen-radfeld.at\/index.php?rest_route=\/wp\/v2\/pages"}],"about":[{"href":"https:\/\/www.schuetzen-radfeld.at\/index.php?rest_route=\/wp\/v2\/types\/page"}],"author":[{"embeddable":true,"href":"https:\/\/www.schuetzen-radfeld.at\/index.php?rest_route=\/wp\/v2\/users\/1"}],"replies":[{"embeddable":true,"href":"https:\/\/www.schuetzen-radfeld.at\/index.php?rest_route=%2Fwp%2Fv2%2Fcomments&post=30"}],"version-history":[{"count":31,"href":"https:\/\/www.schuetzen-radfeld.at\/index.php?rest_route=\/wp\/v2\/pages\/30\/revisions"}],"predecessor-version":[{"id":34,"href":"https:\/\/www.schuetzen-radfeld.at\/index.php?rest_route=\/wp\/v2\/pages\/30\/revisions\/34"}],"wp:attachment":[{"href":"https:\/\/www.schuetzen-radfeld.at\/index.php?rest_route=%2Fwp%2Fv2%2Fmedia&parent=30"}],"curies":[{"name":"wp","href":"https:\/\/api.w.org\/{rel}","templated":true}]}}

<p style="text-align: center;"><strong><span style="text-decoration: underline; color: #000000;">Jeder kann Schützenmitglied werden!</span></strong><br />
Voraussetzung dafür ist , dass du ein Radfelder bist und dich mit den Grundwerten des<br />
Schützenwesens identifizieren kannst.<br />
<a href="http://www.schuetzen-radfeld.at/wp-content/uploads/2012/08/wanted1.jpg" rel="lightbox[30]"><img loading="lazy" decoding="async" class="alignnone size-large wp-image-770" title="Wie werde ich Mitglied?" src="http://www.schuetzen-radfeld.at/wp-content/uploads/2012/08/wanted1-869x1024.jpg" alt="Wie werde ich Mitglied?" width="584" height="688" srcset="https://www.schuetzen-radfeld.at/wp-content/uploads/2012/08/wanted1-869x1024.jpg 869w, https://www.schuetzen-radfeld.at/wp-content/uploads/2012/08/wanted1-254x300.jpg 254w, https://www.schuetzen-radfeld.at/wp-content/uploads/2012/08/wanted1-250x294.jpg 250w, https://www.schuetzen-radfeld.at/wp-content/uploads/2012/08/wanted1.jpg 1392w" sizes="auto, (max-width: 584px) 100vw, 584px" /></a><br />
<span style="text-decoration: underline;">Der Rest ist einfach.</span><br />
Du meldest dich bei unserem Obmann oder einem anderen Schützen.<br />
Nach einer Anprobe und ein paar Exerzierübungen kannst du dich bereits als Schütze fühlen.<br />
Selbstverständlich wird dir die <strong>gesamte Tracht kostenlos zur Verfügung</strong> gestellt!<br />
Die einzigen Kosten, die auf dich zukommen, sind die jährlichen € 15,&#8211; Mitgliedsbeitrag.</p>
<p>&nbsp;</p>
<p style="text-align: center;">Also zögere nicht , erlebe Gemeinschaft und Freundschaft bei der Pflege<br />
von alten Traditionen und Werten!</p>

<p>Jeder kann Schützenmitglied werden! Voraussetzung dafür ist , dass du ein Radfelder bist und dich mit den Grundwerten des Schützenwesens identifizieren kannst. Der Rest ist einfach. Du meldest dich bei unserem Obmann oder einem anderen Schützen. Nach einer Anprobe und ein paar Exerzierübungen kannst du dich bereits als Schütze fühlen. Selbstverständlich wird dir die gesamte&hellip;&nbsp;</p>
